ors of 595366382.
2, 13, 71, 24809
What are the prime factors of 4678238283?
3, 479, 3255559
What are the prime factors of 402791929?
317, 883, 1439
List the prime factors of 23815960.
2, 5, 7, 29, 419
List the prime factors of 3336834.
2, 3, 139, 4001
What are the prime factors of 979146126?
2, 3, 7, 613, 1811
What are the prime factors of 69913908?
2, 3, 109, 5939
What are the prime factors of 743745597?
3, 7, 17, 2083321
What are the prime factors of 200831579?
13, 15448583
List the prime factors of 65148086.
2, 32574043
List the prime factors of 4144323840.
2, 3, 5, 1079251
List the prime factors of 1123045790.
2, 5, 112304579
What are the prime factors of 4803733363?
11, 13, 2083, 16127
List the prime factors of 1833568098.
2, 3, 31, 9857893
List the prime factors of 5300631309.
3, 71, 439, 56687
What are the prime factors of 416302447?
11, 509, 74353
List the prime factors of 5519299775.
5, 11, 1249, 16069
What are the prime factors of 3349538185?
5, 7, 23, 887, 4691
What are the prime factors of 32944977?
3, 13, 281581
List the prime factors of 130500277.
130500277
What are the prime factors of 4492242081?
3, 5779, 86371
What are the prime factors of 495056337?
3, 17, 37, 262351
What are the prime factors of 275939118?
2, 3, 7, 13, 29, 37, 157
List the prime factors of 360249670.
2, 5, 11, 297727
What are the prime factors of 28829504?
2, 11, 31, 1321
List the prime factors of 5064624011.
389, 13019599
What are the prime factors of 201958433?
2713, 74441
What are the prime factors of 34695629?
29, 1196401
List the prime factors of 68717159.
7, 1402391
What are the prime factors of 1052406994?
2, 241, 2183417
What are the prime factors of 276810044?
2, 7, 9886073
What are the prime factors of 1255129887?
3, 11, 89, 427351
What are the prime factors of 523247530?
2, 5, 13, 4024981
What are the prime factors of 832257610?
2, 5, 17, 313, 15641
List the prime factors of 52354558.
2, 26177279
List the prime factors of 951303719.
12457, 76367
List the prime factors of 4937178.
2, 3, 179, 4597
List the prime factors of 947827357.
1009, 939373
What are the prime factors of 35895758?
2, 17947879
List the prime factors of 7062562738.
2, 7, 11, 37, 1239481
What are the prime factors of 1428107819?
269, 307, 17293
List the prime factors of 1897491762.
2, 3, 313, 336793
What are the prime factors of 53461270?
2, 5, 5346127
List the prime factors of 32552957.
32552957
List the prime factors of 17081088.
2, 3, 23, 967
What are the prime factors of 30067067?
17, 1768651
List the prime factors of 2342156988.
2, 3, 195179749
What are the prime factors of 19934577?
3, 13, 67, 2543
What are the prime factors of 831799234?
2, 7, 59414231
What are the prime factors of 535524951?
3, 13, 13731409
List the prime factors of 2129140.
2, 5, 13, 19, 431
List the prime factors of 27287093.
37, 127, 5807
What are the prime factors of 312770018?
2, 11, 1231, 11549
What are the prime factors of 1351753?
13, 103981
What are the prime factors of 701587763?
12611, 55633
What are the prime factors of 766594186?
2, 23, 103, 137, 1181
What are the prime factors of 2099789177?
2099789177
What are the prime factors of 28620732?
2, 3, 7, 340723
What are the prime factors of 1216511898?
2, 3, 7, 19, 61, 67, 373
What are the prime factors of 645587336?
2, 80698417
List the prime factors of 35169694.
2, 7, 79, 31799
What are the prime factors of 3135213187?
3135213187
What are the prime factors of 112893401?
37, 3051173
What are the prime factors of 7557077771?
25321, 298451
List the prime factors of 108261743.
109, 827, 1201
What are the prime factors of 3890574401?
7, 59, 103, 91459
What are the prime factors of 222231680?
2, 5, 11, 31567
List the prime factors of 428250403.
7, 101, 409, 1481
List the prime factors of 869815515.
3, 5, 31, 83, 727
What are the prime factors of 1351229905?
5, 569, 474949
What are the prime factors of 5631832097?
17, 331284241
List the prime factors of 1318818872.
2, 7, 47, 83, 6037
What are the prime factors of 1270653670?
2, 5, 11, 13, 80779
List the prime factors of 1496178753.
3, 107, 4660993
What are the prime factors of 439122377?
439122377
List the prime factors of 166244932.
2, 7, 683, 8693
List the prime factors of 8231243225.
5, 31, 10620959
List the prime factors of 3892483033.
1153, 3375961
What are the prime factors of 148170592?
2, 4630331
What are the prime factors of 626002892?
2, 1231, 127133
List the prime factors of 328101599.
7, 6695951
List the prime factors of 251751092.
2, 809, 77797
What are the prime factors of 1320034198?
2, 7, 47, 103, 19477
What are the prime factors of 47277293?
7, 211, 32009
List the prime factors of 26016076.
2, 131, 379
List the prime factors of 44906429.
44906429
List the prime factors of 1459911184.
2, 113, 807473
List the prime factors of 51908026.
2, 241, 107693
What are the prime factors of 1594127723?
17, 23, 1531, 2663
List the prime factors of 81310631.
151, 538481
List the prime factors of 3865154.
2, 17, 79, 1439
What are the prime factors of 582473850?
2, 3, 5, 7, 23, 89, 271
What are the prime factors of 212128302?
2, 3, 617, 57301
List the prime factors of 18053328.
2, 3, 457, 823
What are the prime factors of 2575518930?
2, 3, 5, 3179653
What are the prime factors of 2222587432?
2, 13, 21371033
List the prime factors of 356091979.
17, 181, 115727
What are the prime factors of 4068905513?
19597, 207629
List the prime factors of 4870467869.
71, 68598139
What are the prime factors of 6967659?
3, 263, 8831
List the prime factors of 112776754.
2, 2089, 26993
List the prime factors of 1771696217.
29, 61092973
What are the prime factors of 237825181?
11, 21620471
List the prime factors of 90845237.
7, 89, 145819
List the prime factors of 1135513538.
2, 17, 83, 402379
What are the prime factors of 980753841?
3, 47, 2318567
What are the prime factors of 782127364?
2, 17, 59, 383, 509
What are the prime factors of 45890502?
2, 3, 7, 331, 3301
List the prime factors of 36052903.
17, 131, 16189
What are the prime factors of 60120068?
2, 23, 113, 5783
What are the prime factors of 7209508?
2, 1217, 1481
List the prime factors of 432263281.
19, 22750699
What are the prime factors of 207694626?
2, 3, 34615771
What are the prime factors of 9201846604?
2, 19, 839, 144311
List the prime factors of 1479297029.
7, 31, 59, 227, 509
What are the prime factors of 98349692?
2, 7, 17, 107, 1931
What are the prime factors of 2240784023?
2240784023
List the prime factors of 1742121277.
13, 151, 887479
What are the prime factors of 602229997?
113, 5329469
List the prime factors of 3274547897.
89, 2557, 14389
List the prime factors of 3301231809.
3, 41, 26839283
What are the prime factors of 770707875?
3, 5, 7, 293603
What are the prime factors of 21578397?
3, 103, 69833
What are the prime factors of 50458313?
50458313
What are the prime factors of 86354911?
2237, 38603
What are the prime factors of 392159?
392159
What are the prime factors of 115406000?
2, 5, 19, 3037
List the prime factors of 148914630.
2, 3, 5, 53, 31219
List the prime factors of 71839373.
23, 73, 42787
List the prime factors of 16637486.
2, 883, 9421
List the prime factors of 119188697.
163, 731219
What are the prime factors of 950796537?
3, 19, 227, 73483
What are the prime factors of 219003599?
431, 508129
What are the prime factors of 175163483?
11, 15923953
What are the prime factors of 80957433?
3, 43, 269, 2333
What are the prime factors of 4121453654?
2, 61, 3491, 9677
List the prime factors of 54367426.
2, 593, 45841
List the prime factors of 102712428.
2, 3, 7, 13, 1493
List the prime factors of 346914001.
7, 97, 510919
What are the prime factors of 26482668?
2, 3, 17, 43, 3019
What are the prime factors of 63932951?
63932951
What are the prime factors of 3027612273?
3, 7, 227, 635119
List the prime factors of 44267108.
2, 29, 263, 1451
List the prime factors of 928073817.
3, 11, 9374483
List the prime factors of 789269315.
5, 157853863
List the prime factors of 4359101.
4359101
What are the prime factors of 693546856?
2, 457, 189701
What are the prime factors of 403170982?
2, 47, 4289053
What are the prime factors of 1488332426?
2, 7, 43, 2472313
List the prime factors of 227584722.
2, 3, 5741, 6607
What are the prime factors of 1